 = d + 2*u, 0 = -3*d + u + 1 + 4. Let m be (-22)/(-8) + 2/8. Suppose -33 = -3*y + m*n, -22 = -0*y - 2*y - d*n. List the prime factors of y.
11
Let q(d) be the third derivative of 2/3*d**3 - 7/60*d**5 + 2*d**2 - 1/120*d**6 + 0*d**4 + 0*d + 0. List the prime factors of q(-7).
2
Let q(r) = -r**3 + r**2 + 2*r + 4. What are the prime factors of q(-6)?
2, 61
What are the prime factors of ((-8)/(-2) - 4) + 90?
2, 3, 5
Let m(n) = -n**3 + 4*n**2 - n + 4. Let k be m(4). Suppose -2*l + 79 = -2*u - 61, k = l + 2*u - 82. Suppose 0 = -5*q + l + 21. List the prime factors of q.
19
Let o be ((-42)/15)/(1/5). Let z = -9 - o. What are the prime factors of z?
5
Suppose 0*g = y + 3*g - 11, 0 = -5*g + 10. What are the prime factors of y?
5
Let t(q) = -5*q - 6. What are the prime factors of t(-10)?
2, 11
Let r = -9 - -15. List the prime factors of (8 - 2)/3 + r.
2
Let h(j) = 6*j - 2. What are the prime factors of h(6)?
2, 17
Suppose 0 = -n - 2*r - 5, -2*n - 3*r - 3 = 3. Suppose n*o = -12 + 36. Let s = o - -6. What are the prime factors of s?
2, 7
Let v = 297 + 20. List the prime factors of v.
317
Let i be 24/10 + 4/(-10). Suppose 0 = a + 2*a - 3. Suppose i = o - a. What are the prime factors of o?
3
Suppose p = 2 + 2. Let j(i) = i**3 - 5*i**2 + 5*i + 2. List the prime factors of j(p).
2, 3
Let z = -1 + 3. Suppose -4*i = 3*o - 147, -o = -i - z*i + 107. List the prime factors of i.
2, 3
Suppose -3*o + 33 = -0*o. Let i = 29 - o. Suppose -h - i = -3*h. What are the prime factors of h?
3
What are the prime factors of 20/70 - (-54)/7?
2
Suppose -8*s = -1092 - 116. What are the prime factors of s?
151
Let o(u) = 2*u**2 - 4*u + 11. List the prime factors of o(6).
59
Suppose -5 = 2*c - 1. List the prime factors of (-3 + 3/(-6))*c.
7
Let g = -13 - -56. List the prime factors of g.
43
What are the prime factors of 33/(-27) + 1 - (-4739)/63?
3, 5
Let v = 43 + 77. List the prime factors of v.
2, 3, 5
Let c(w) = w**2 + 7*w - 4. Let l be (-3)/(30/9 - 3). What are the prime factors of c(l)?
2, 7
Let l be (-12)/(-6)*(1 + 0). Suppose l*u - 59 - 11 = 0. What are the prime factors of u?
5, 7
Suppose 0 = -4*j + 5*t + 223, -2*j + 3*t - 4*t = -115. What are the prime factors of j?
3, 19
Suppose 0 = d - 3*d. Let w = 12 - 6. Suppose -3*k + 6 + w = d. List the prime factors of k.
2
Suppose 2*w + 2*w + 20 = 0, -2*w = 5*l. Suppose -l*o = -0*o - 50. Suppose 5*c + 3*k - 61 = -2, o = c + 5*k. List the prime factors of c.
2, 5
What are the prime factors of 3*(-1 + 39) + 0?
2, 3, 19
Let n(o) = o - 6. Suppose -4*x + 5*u = -21, 15 + 0 = 5*x + 5*u. Let y = 12 - x. List the prime factors of n(y).
2
Let r(q) = -q**2 + 11*q + 2. Let f be r(11). Suppose 3*s - 2*a - 44 = f*a, a - 24 = -s. List the prime factors of s.
2, 5
Let o = -2 - 1. Let q be 9 + (-9)/o + 2. Suppose q = t - 2*n + 3*n, 3*t = -2*n + 37. List the prime factors of t.
3
Suppose -5*p = 4*v - 27, -27 = -9*v + 4*v - 4*p. Suppose 3*q = v*h - 54, 2*h - 3*q = q + 32. List the prime factors of h.
2, 5
Let w(r) = 2*r**2 - 1. Let c be (-8)/(-3) + (-3)/(-9). Suppose -j - c*j = 8. What are the prime factors of w(j)?
7
Suppose 3*k + 2*i = 4, 5*i = -4*k - k. Suppose -38 = -k*o - 5*j, 0*j + 2*j - 25 = -3*o. List the prime factors of o + (1 - 0) + 1.
3
What are the prime factors of 200/14 + (-2)/7?
2, 7
Suppose 0 = g - 2 - 4. Suppose -4*i + 5*x + 18 = 0, -2*i - g = -6*i - x. List the prime factors of i.
2
Let l = 13 - 2. List the prime factors of l.
11
Let j(y) = y**2 - 1. Let a(p) = -4*p**2 - 5*p - 1. Let u(d) = -a(d) - 5*j(d). Let t be u(5). Suppose -2*g + 4*g = t. List the prime factors of g.
3
Let x(m) = m**3 - m**2 + 4. Suppose -z = -5*z. Let t be x(z). Suppose 2*u - 14 = -0*p + 2*p, 0 = 5*u - t*p - 35. What are the prime factors of u?
7
Let o = 8 + -6. Suppose -5*d + 4*q = -14, -4*d - o*q = -5 - 1. List the prime factors of (4 + -2)*(4 - d).
2
List the prime factors of 2/(-8) + (-349)/8*-2.
3, 29
Let n = -5 - -11. List the prime factors of ((-2)/4)/(n/(-648)).
2, 3
Suppose 12*u - 7*u - 145 = 0. List the prime factors of u.
29
Let m(s) = -s - 1. Suppose 0 = -j - 4*b + 17, -5*j - 5*b + 7 = -3. Let y be m(j). Suppose 3*t - 4*l - 38 = 0, 3*t - y*l - 2 = 32. List the prime factors of t.
2, 5
Let o be -3 - (-5 + -1 + 1). Suppose -7*h = -o*h - 45. What are the prime factors of h?
3
Let a(y) = -y - 5. Let x be a(-7). Suppose -3*m - 3*i + 1 = 4, -5*i - 26 = -x*m. Suppose -5*z + 5*p + 4 = p, m*p = 2*z + 4. List the prime factors of z.
2
List the prime factors of (90/(-25))/((-6)/40).
2, 3
Let z(o) = -o - 6. Let m be z(-6). Suppose 0 = -m*s + 4*s - 16. List the prime factors of s.
2
What are the prime factors of (-142)/(-6 - (3 + -7))?
71
Let q = -49 + 28. Let t = q - -35. List the prime factors of (-4)/t - 79/(-7).
11
Let r(g) = -g**3 + 5*g**2 + 4*g. Suppose h + 18 = 4*h. Let d be r(h). What are the prime factors of (16/d)/(2/(-15))?
2, 5
Suppose -2*h + 3*n + 75 = 0, n = -2*h + 42 + 53. List the prime factors of h.
3, 5
Suppose -3*s + 860 = 4*r - 2*s, 2*r + 3*s = 420. What are the prime factors of r?
2, 3
Suppose -28 = -k - o - 3*o, -36 = -2*k - 3*o. Let c = k + -8. What are the prime factors of c?
2
Let f = 1 + 1. List the prime factors of (-84)/(-8) - f/4.
2, 5
Let u = -237 - -403. What are the prime factors of u?
2, 83
Let m(o) = -o**2 + 15. Let v be m(0). Let k = v + -9. List the prime factors of 57/5 + k/(-15).
11
Let v be 0 + -1 - (0 - 4). Suppose -3*y - v = -5*s - 26, 3*s = -2*y - 10. List the prime factors of (-6)/(1*(0 - y)).
2, 3
Let n be -4 - -7 - (0 + -2). List the prime factors of (-87)/(-4) + n/20.
2, 11
Let u(o) = 3*o**2 - 3. Let k be u(4). Suppose 4*z + z + k = 4*p, -4*z = -p + 3. List the prime factors of p.
3, 5
Let p = 0 + 3. Suppose p*v = 6*v - 27. What are the prime factors of v?
3
Let o(u) = u**2 + 9*u + 6. Let z be o(-6). Suppose 4*k + 4*m + 12 = 0, -3*m + 30 = -3*k + m. Let b = k - z. List the prime factors of b.
2, 3
Suppose -v = 2*r + 8 - 37, -3*r - 132 = -3*v. What are the prime factors of v?
3, 13
Let u(x) = x**3 + 17*x**2 - 2*x + 9. What are the prime factors of u(-17)?
43
Let i(j) = -j + 12. Let t be i(14). List the prime factors of t/2 + 29 + -2.
2, 13
Suppose 704 = 4*c + 4*b, 4*c + 3*b - 884 = -c. What are the prime factors of c?
2, 89
List the prime factors of ((-4)/8)/(-4 + (-1887)/(-472)).
2, 59
Let h = -28 - -7. Let m = h - -50. List the prime factors of m.
29
Let n(d) be the first derivative of 1 + 3*d - 1/2*d**2. What are the prime factors of n(-3)?
2, 3
Let y(l) = l**3 - 4*l**2 - 4*l. Let h be y(5). Suppose 0*r = -h*r + 95. What are the prime factors of r?
19
Suppose 20 = b - 0*b. List the prime factors of b.
2, 5
Let t = 283 - 33. List the prime factors of t.
2, 5
Let n(v) = -v**3 - 8*v**2 - 8*v - 5. Let r be n(-7). Let z = r + 0. Suppose -d + 9 = z. What are the prime factors of d?
7
Let a(s) = -s**3 + 3*s**2 - s + 1. Let k = 4 + 0. Suppose -6 - 2 = -k*z. List the prime factors of a(z).
3
Suppose 3*y - 142 = 74. Suppose 2*a = -2*a + y. What are the prime factors of a?
2, 3
What are the prime factors of 24/(-12) - (-8)/2?
2
Let g(b) = -4*b**2 + 3*b - 1 + 3 + 3*b**2. What are the prime factors of g(3)?
2
Let x be (-2)/(-9) - (-14)/18. Let p be -6 - (-1 - (x + 0)). Let h = 3 - p. List the prime factors of h.
7
What are the prime factors of (3 + -21 + 2)*-1?
2
Let c be (-24)/9*(-18)/8. Let x = c + -5. List the prime factors of (-1 - -3)/(x/2).
2
Let l be 12/4*(-2)/2. List the prime factors of l/(-3) - 1*-20.
3, 7
Let y(h) = h**3 + 11*h**2 - 18*h - 5. List the prime factors of y(-12).
67
Suppose -2*r = r - 3. What are the prime factors of (4/((-12)/(-111)))/r?
37
Let n(x) = 2*x**2 + x + 0*x - x**2 + 41 + 0*x. What are the prime factors of n(0)?
41
Suppose 2*b - 88 - 88 = 0. What are the prime factors of b?
2, 11
Let s(a) = 20*a**3 - 5*a + 6. List the prime factors of s(1).
3, 7
Let d = 8 - 5. What are the prime factors of -9*((-4)/d)/1?
2, 3
Let o = -5 - -4. Let z be o + -25*(0 + -1). Suppose -2*i + z = -0*i. What are the prime factors of i?
2, 3
Suppose 0 = 2*k - 205 - 67. What are the prime factors of k?
2, 17
Suppose -26 = -b + 100. List the prime factors of b.
2, 3, 7
Let w = -5 - -8. What are the prime factors of 4*26/4 - w?
23
Let j(p) = -p - 2. Let r(t) = -3*t - 5. Let l(c) = -7*j(c) + 4*r(c). List the prime fa